mon factor of y and p.
14
Let l = 1095 - 1000. Calculate the greatest common factor of l and 19.
19
Let f = 33 - 173. Let t = -115 - f. What is the highest common divisor of t and 25?
25
Suppose -5*y - 3*c = -1028, -8*y - 5*c = -10*y + 436. What is the greatest common divisor of y and 16?
16
Let u(f) = f + 4. Let j be u(13). Suppose -2*t + 429 = -5*w - 154, -3*t - 2*w = -865. Calculate the highest common factor of j and t.
17
Let w(d) = -d**3 - 14*d**2 + 2*d - 71. Let f be w(-15). What is the highest common factor of f and 341?
31
Suppose -49*c + 683 = 193. Suppose b - 15 = -0*b - 2*z, -4*b + 3*z + 60 = 0. Suppose c*h + 300 = b*h. Calculate the greatest common factor of h and 12.
12
Let n(d) = 11*d + 57. Let y be n(17). Calculate the highest common factor of 61 and y.
61
Suppose -x + 4 = 2. Suppose -3*c + 37 = -2*p, -5*c - 3*p + 41 = -8. Let m = c - x. Calculate the greatest common factor of 6 and m.
3
Let w be -4 - -4 - 0/2. Suppose 4*l + 0*l - 20 = w. Suppose -l*k = -267 + 87. What is the highest common factor of k and 4?
4
Let y(m) = m + 23. Suppose -2*o = -5*o - 51. Let q be y(o). Suppose -q*f + 4 = -14. Calculate the greatest common factor of f and 30.
3
Suppose -m - 525 = -3*v + m, -3*v = -3*m - 525. What is the highest common divisor of v and 7?
7
Suppose -2*p + 150 = -5*c, -c - 45 = -2*p - 15. Let m = 37 + c. Calculate the highest common factor of m and 14.
7
Let w(g) = 25*g + 16. Let m be w(4). What is the highest common factor of 29 and m?
29
Suppose 7*p = 142 + 306. Calculate the highest common factor of p and 160.
32
Suppose -1565 = 3*o + 5*g, -5*o + 4*g - 2088 = 545. Let b be o/(-12) + (-4)/(-16). Calculate the highest common divisor of 396 and b.
44
Let o = -30 + 39. Suppose 0*a = 4*a - 8. Let r be -1 + a - (-11 - 6). Calculate the greatest common divisor of r and o.
9
Let d(s) = -2*s**3 - 16*s**2 + 5*s + 9. Let a be d(-9). Calculate the highest common divisor of 28 and a.
14
Suppose -29*h + 60*h + 21*h - 17160 = 0. Let u be -2 + (2 - 1) - -31. Calculate the greatest common factor of h and u.
30
Let j(w) = w**3 + 32*w**2 + 3*w + 107. Let h be j(-32). What is the highest common factor of 121 and h?
11
Suppose 91 = 5*b + u - 84, -u + 139 = 4*b. Calculate the highest common factor of b and 162.
18
Let a(t) = t**2 + 11*t + 2. Let w be a(-13). Let j = w - 19. Let y be j/((-9)/(-20)) + 3. What is the greatest common factor of y and 253?
23
Suppose 2*r = -y + 62, 2*y + 11 = -3*r + 104. What is the highest common factor of 403 and r?
31
Let a = 9 + -6. Suppose 3*p + 21 = 2*z, -z + 2*z = a*p + 18. Let m = 20 + -17. Calculate the greatest common factor of z and m.
3
Let v(p) = 0*p + 4 + p**2 + 4*p - 6. Let b be v(1). What is the greatest common divisor of b and 9?
3
Suppose -1592 = t - 1944. What is the highest common factor of t and 96?
32
Let r = -29 - -83. Let z be 45/5*(4/(-12) - -1). Calculate the greatest common factor of z and r.
6
Let t = -17 - -28. Let s = 164 - 57. Let q = -74 + s. Calculate the greatest common factor of t and q.
11
Let r(g) be the third derivative of -g**4/6 + 8*g**3 - 20*g**2. Let i be r(6). What is the greatest common factor of i and 8?
8
Let b be -2 + -2 - (0 + -49). Let z be 5/3 - (-15)/b. Let q(g) = 2*g**2 - g + 1. Let p be q(z). Calculate the greatest common divisor of p and 7.
7
Let f = -5 - -21. Let m = -161 - -273. Calculate the highest common factor of f and m.
16
Let l be 289/7 - 8/28. Let a = -33 + l. Calculate the highest common factor of 24 and a.
8
Suppose -3*k + 81 = 5*u - 2*k, -4*k = -5*u + 101. Suppose n + 95 = 3*q, -4*q + 11*n = 12*n - 143. What is the greatest common factor of q and u?
17
Suppose 146 = 4*y - 294. Let p be (88/(-7))/(2/(-7)). What is the highest common factor of y and p?
22
Suppose 88*w = 89*w - 189. What is the highest common factor of w and 9?
9
Suppose -3*b + 9 = -0*b. Suppose q = 0, b*q = 2*a - 3*a + 28. Let o(y) = y**2 + 6*y + 7. Let c be o(-7). What is the highest common factor of a and c?
14
Suppose -5*x + 366 = 106. Suppose 0 = 3*u - x - 173. Calculate the greatest common divisor of 15 and u.
15
Suppose 0*j - 5*j + 4*s = -609, -s - 1 = 0. Suppose -l + j - 46 = 0. Calculate the highest common factor of 30 and l.
15
Suppose 353 + 207 = 16*o. Calculate the greatest common divisor of 21 and o.
7
Let k = -18 + 52. Let g = -247 - -281. What is the greatest common divisor of g and k?
34
Let v be ((-24)/(-10) + -2)*5. Suppose -3*q - 2*y - v*y - 104 = 0, -102 = 3*q + 3*y. Let s be (q/(-2) - 2)/1. Calculate the greatest common divisor of s and 42.
14
Suppose -5*a + s - 43 = 0, -3*a + 5*s = -0*s + 17. Let f(j) = -j**3 - 5*j**2 + 6*j + 10. Let w be f(a). Calculate the highest common divisor of 35 and w.
35
Suppose 21 = f + c, c + 57 = 5*f - 66. What is the highest common factor of 632 and f?
8
Let q = 96 - 80. Calculate the highest common factor of 88 and q.
8
Suppose 12*o - 6*o = 210. What is the greatest common factor of 175 and o?
35
Suppose -5*n = 4*o - 3*n + 2, -n = 1. Suppose o = x + x - 56. Calculate the highest common factor of x and 70.
14
Let d = 12 + -8. Suppose 0*y + 56 = d*y. Suppose 30 = 2*s - 26. What is the highest common factor of s and y?
14
Suppose -136 + 20 = -4*b. Let g(w) = w**3 - 4*w**2 + 2*w + 3. Let h be g(6). What is the highest common divisor of h and b?
29
Let b = 514 - 457. What is the greatest common factor of b and 114?
57
Suppose -b - 20 = -4*v - 0*b, 0 = 3*v - 3*b - 24. Suppose 0 = -4*g - 4*q + 236, 8*q + 202 = 3*g + 6*q. Calculate the highest common factor of g and v.
4
Let v be (-2 - -48) + (4 - 2). Suppose -9*m + 15*m = v. Calculate the highest common factor of m and 8.
8
Suppose 4*k - 16 - 55 = 5*l, -5*k - 3*l = -135. What is the greatest common factor of 8 and k?
8
Suppose 132 = 2*s + 31*s. Let n = -14 + 46. Calculate the greatest common divisor of n and s.
4
Let c be (-59)/(-4) + 2/8. Let t = -34 - -274. Suppose 0 = 22*b - 18*b - t. Calculate the highest common divisor of b and c.
15
Let t be ((-102)/30 - -3)/((-2)/420). What is the greatest common factor of 24 and t?
12
Let x = -43 + 48. Suppose x*y = 10 - 0. Let h(r) = 19*r**3 - r. Let l be h(1). Calculate the greatest common factor of l and y.
2
Let k be 2 - 6*2/6. Suppose 4*j + f + 17 = 5*j, -3*j - 3*f + 63 = k. Let z be (-1*151 + -1)*-1. Calculate the highest common divisor of j and z.
19
Suppose 2*n = -w + 309, -15 = -4*w + 9*w. Calculate the highest common divisor of 52 and n.
52
Let d(z) = -z**3 - z**2 - 6*z - 2. Let o be d(-5). Calculate the highest common factor of 4 and o.
4
Suppose -5*s = 15, 0 = -f - 5*s + 11 - 4. Let x = 42 + -20. Calculate the greatest common divisor of f and x.
22
Let h(v) = -v**3 - 10*v**2 - v + 3. Suppose 2*r - 31 = 3*g, 4*g + 4*r + 46 = 2*r. Let k be h(g). What is the greatest common divisor of k and 90?
45
Let u(f) = -f**2 - 10*f - 18. Let d be u(-3). What is the greatest common divisor of d and 6?
3
Suppose -220*t + 215*t + 740 = 0. What is the highest common factor of 111 and t?
37
Let c(k) = 16*k - 5. Let q be c(-11). Let y = q - -301. Calculate the greatest common factor of 15 and y.
15
Let z(h) = -h - 1. Let l be 2/10 - 230/25. Let w be z(l). What is the highest common divisor of w and 2?
2
Let x(t) = 3*t**2 - 120*t + 14. Let i be x(40). Calculate the highest common divisor of 14 and i.
14
Let w be 78 + 0*(-1)/(-4). Suppose 7*h - 109 = 255. Calculate the greatest common factor of w and h.
26
Suppose -5*q - 114 = -9. Let l = q + 25. Suppose -4*r = -l*d + 20, -3*r = -2 + 11. What is the greatest common factor of 22 and d?
2
Let n = -715 + 727. Calculate the greatest common divisor of 28 and n.
4
Let z(q) = -q + 5. Let i be z(12). Let o = -9 - i. Let l be (4 + -13)*(o + -1). Calculate the highest common divisor of 9 and l.
9
Suppose 3*l - 2*t - 50 = 2*t, 0 = -2*l + 2*t + 30. What is the greatest common divisor of 85 and l?
5
Suppose 0 = -20*o + 5397 - 597. Calculate the highest common divisor of o and 15.
15
Let d be 58 - (0 - (-42)/(-7)). Calculate the highest common factor of d and 32.
32
Let j be -6 + 58/10 - 543/(-15). Calculate the greatest common divisor of 171 and j.
9
Let v(t) = -t**2 - 11*t - 17. Let f be 6/4*(-140)/30. Let y be v(f). Let g = 28 - 17. What is the highest common factor of g and y?
11
Let c(q) = 2*q - 5. Let h(n) = -n. Let o(